 1473*u + 3117. Determine x(-366).
-177
Let o(a) = a**3 + 9*a**2 - 232*a - 733. Determine o(13).
-31
Let f(t) = 6242*t - 842608. Give f(135).
62
Let v(o) = 18537*o - 148276. Give v(8).
20
Let a(g) = -1230*g - 8514. Calculate a(-7).
96
Let c(a) = -950978*a - 9509775. Give c(-10).
5
Let t(u) = -2509*u - 9985. Calculate t(-4).
51
Let t(n) = n**3 + 19*n**2 - 99*n + 388. Calculate t(-23).
549
Let w(l) = -1679377*l + 16793771. What is w(10)?
1
Let f(q) = -3249*q + 24155. What is f(8)?
-1837
Let q(y) = -y**2 - 152*y - 5444. Calculate q(-63).
163
Let b(k) = k**2 - 861*k - 78349. Determine b(-83).
3
Let f(o) = 223113*o + 446239. Determine f(-2).
13
Let v(h) = -384*h**3 + 86025*h**2 - 2013*h - 670. Determine v(224).
2
Let t(a) = -3991*a + 403094. Calculate t(101).
3
Let h(y) = -y**3 + 27*y**2 + 146*y - 3458. Determine h(11).
84
Let i(w) = 56*w**2 + 1233*w + 2245. What is i(-20)?
-15
Let l(i) = -16*i**2 + 18*i + 13. Determine l(3).
-77
Let d(x) = -x**2 + 118*x + 5537. Give d(154).
-7
Let c(b) = -2386*b + 272000. What is c(114)?
-4
Let w(l) = -2*l**3 + 9*l**2 - 1892*l + 15580. Give w(8).
-4
Let l(p) = -503*p**2 + 1708679*p + 40757. What is l(3397)?
-7
Let r(p) = 2*p**2 - 2026*p + 503135. What is r(436)?
-9
Let f(j) = 30*j**2 + 7618*j - 8162. Calculate f(-255).
-2
Let h(l) = -7885*l - 181353. What is h(-23)?
2
Let q(k) = 41646*k - 208253. Calculate q(5).
-23
Let l(c) = c**2 - 2530*c + 203080. Determine l(83).
-21
Let i(y) = -97*y**3 - y**2 + 165*y + 324. Give i(-2).
766
Let a(m) = -4*m**3 + 24*m**2 - 417*m - 941. What is a(-2)?
21
Let x(i) = 42*i**2 + 3454*i + 857. What is x(-82)?
37
Let b(q) = 4389*q + 355478. Determine b(-81).
-31
Let y(p) = 1016*p**2 - 10159*p + 55. Determine y(10).
65
Let w(m) = m**2 - 361*m - 66288. Calculate w(-134).
42
Let r(w) = 5190*w + 435954. Determine r(-84).
-6
Let d(p) = p**3 - 97*p**2 - 321*p - 55. What is d(-3)?
8
Let g(v) = -1906*v + 9546. Determine g(5).
16
Let r(s) = 2*s**3 - 1011*s**2 + 610*s - 53024. Calculate r(505).
1
Let q(r) = 12332*r - 764. Determine q(0).
-764
Let k(l) = 158*l**2 + 10740*l - 293. Determine k(-68).
-21
Let o(f) = 2*f**3 - 145*f**2 - 6415*f - 58. What is o(-31)?
-120
Let y(s) = -s**3 + 86*s**2 + 509*s - 2560. Calculate y(91).
2354
Let t(j) = j**2 + 1035*j - 33329. Determine t(31).
-283
Let r(c) = -15*c**3 - 4*c**2 - 3578*c - 4. Give r(0).
-4
Let v(p) = 45*p**2 + 9569*p - 76599. Determine v(8).
2833
Let o(v) = -6*v**3 + 383*v**2 + 100*v - 2302. Calculate o(64).
2
Let l(i) = -i**2 - 91*i + 475. What is l(-27)?
2203
Let v(r) = 5401*r - 42505. Determine v(8).
703
Let s(o) = 71*o**3 - 1432*o**2 + 1568*o + 177. Give s(19).
6
Let a(i) = 15620*i - 296772. What is a(19)?
8
Let h(c) = -c**3 + 11*c**2 - 25*c - 124. What is h(8)?
-132
Let p(y) = 4*y**2 + 50*y - 40103. Determine p(-106).
-459
Let c(a) = -a**2 - 1839*a + 69426. Determine c(37).
14
Let v(a) = -48249*a - 241240. Give v(-5).
5
Let l(v) = 161*v - 4243. What is l(25)?
-218
Let x(r) = -4*r**3 - 692*r**2 + 6*r + 643. What is x(-173)?
-395
Let r(w) = -35*w**2 + 1693*w + 2901. Give r(50).
51
Let f(n) = -231*n**2 + 2061*n + 165. What is f(9)?
3
Let v(h) = 41*h**2 - 444*h - 3388. Determine v(16).
4
Let r(f) = -1181*f**2 + 80*f - 6. What is r(1)?
-1107
Let u(p) = 2*p**3 + 25*p**2 + 54*p + 317. What is u(-10)?
277
Let i(m) = -305*m**2 - 77*m - 75. Calculate i(-1).
-303
Let y(l) = -33938*l + 67697. What is y(2)?
-179
Let c(s) = 8737*s + 43267. Give c(-5).
-418
Let u(s) = 2*s**3 + 357*s**2 + 2293*s + 442490. Give u(-179).
2
Let i(y) = -78*y - 4222. What is i(-58)?
302
Let p(k) = 559*k + 51236. Determine p(-92).
-192
Let c(q) = -q**2 - 10349*q - 237377. What is c(-23)?
121
Let r(c) = 10*c**2 + 17850*c - 142888. Calculate r(8).
552
Let h(u) = 14*u**3 - 47*u**2 + 124*u - 350. Determine h(3).
-23
Let f(v) = 90*v**2 + 18267*v - 682. Give f(-203).
-73
Let d(p) = 21*p**2 - 3*p - 869. Give d(7).
139
Let m(q) = -537*q**3 + 15*q**2 + 21*q - 37. Give m(2).
-4231
Let c(a) = 35927*a + 107800. Calculate c(-3).
19
Let h(o) = -472282*o - 5195101. Give h(-11).
1
Let y(a) = 29*a**3 + 80*a**2 - 164*a - 261. Calculate y(3).
750
Let v(l) = 4702*l - 827644. Calculate v(176).
-92
Let q(x) = 30*x - 2713. What is q(86)?
-133
Let t(q) = 1128*q - 56393. What is t(50)?
7
Let b(j) = -24*j**3 - 4*j**2 + 48*j - 76. Give b(2).
-188
Let h(x) = -18*x**2 + 891*x - 670. What is h(49)?
-229
Let u(c) = 891*c**2 + 111366*c - 1119. Give u(-125).
6
Let t(y) = -2*y**3 - 19*y**2 + 17*y + 234. Calculate t(-10).
164
Let j(k) = -k**3 + 356*k**2 - 10640*k + 88096. Determine j(324).
-32
Let u(b) = -37688*b + 3504896. Calculate u(93).
-88
Let x(t) = -58446*t - 1344254. Determine x(-23).
4
Let b(c) = -c**2 - 153739*c - 1383676. Give b(-9).
-106
Let g(o) = o**3 + 8*o**2 + 6*o - 35. Give g(-4).
5
Let s(j) = -j**2 - 152*j - 3393. What is s(-29)?
174
Let q(f) = -388*f + 21717. Calculate q(56).
-11
Let k(h) = -h**3 - 3*h**2 + 19075*h + 19076. Give k(-1).
-1
Let v(t) = 42653*t - 9724883. Give v(228).
1
Let x(d) = 1974*d - 110671. Give x(56).
-127
Let m(h) = -9249*h - 434708. Determine m(-47).
-5
Let w(u) = -13*u**2 + 560*u + 7681. Determine w(54).
13
Let d(v) = 208*v**2 - 4*v + 913. What is d(0)?
913
Let c(g) = 5214*g - 20779. What is c(4)?
77
Let c(u) = -3*u**3 + 33*u**2 + 27*u - 770. Determine c(8).
22
Let g(c) = -3*c**2 - 219*c + 849. Calculate g(-77).
-75
Let g(f) = f**3 - 29*f**2 - 1111*f + 28740. What is g(23)?
13
Let f(y) = -323*y**2 - 5167*y - 108. Give f(-16).
-124
Let r(s) = -3587*s - 71515. Determine r(-20).
225
Let o(f) = -9*f**2 + 587*f - 2365. Calculate o(4).
-161
Let h(s) = -244*s - 39697. Calculate h(-160).
-657
Let y(w) = -5*w**2 - 42*w + 1187. Determine y(24).
-2701
Let p(m) = -m**3 - 504*m**2 - 1502*m + 507. What is p(-501)?
6
Let l(h) = -h**3 - 3307*h**2 + 13188*h + 5. Calculate l(4).
-219
Let i(r) = 56392*r + 25432788. Give i(-451).
-4
Let u(v) = 2010*v - 299385. Calculate u(149).
105
Let y(d) = 2626*d**2 - 1105549*d + 1257. What is y(421)?
-6
Let h(d) = 2581*d**2 - 46710*d + 4534. Calculate h(18).
-2
Let h(a) = -7323*a - 29699. Determine h(-4).
-407
Let d(u) = 30*u**2 - 19*u - 1144. Calculate d(0).
-1144
Let c(g) = g**3 + g**2 + 1753*g - 1753. Calculate c(1).
2
Let p(s) = -s**3 + 7*s**2 + 694*s + 3086. What is p(-20)?
6
Let d(x) = -2*x**3 - 142*x**2 - 660*x - 43. What is d(-66)?
-43
Let b(s) = s**2 - 133*s - 1104. Calculate b(-8).
24
Let k(q) = -14*q**2 + 112*q - 1644. Give k(21).
-5466
Let z(f) = 40*f + 3101. Give z(-79).
-59
Let d(v) = v**3 + 413*v**2 + 10797*v + 6542. Calculate d(-385).
-3
Let v(h) = h**2 - 12882*h + 103011. Give v(8).
19
Let q(i) = -286*i + 30. What is q(6)?
-1686
Let f(h) = 3570*h + 510520. Give f(-143).
10
Let m(v) = -6113*v + 26046. Determine m(4).
1594
Let q(a) = 7*a**2 + 457*a - 1424. What is q(-71)?
1416
Let t(g) = 2621*g - 24967. Determine t(9).
-1378
Let v(d) = -215*d**3 - 4*d**2 + 21*d - 14. Give v(1).
-212
Let f(c) = -3*c**2 + 263*c - 936. Calculate f(84).
-12
Let p(h) = -4*h**3 - 697*h**2 + 1447*h - 15. Determine p(2).
59
Let x(z) = 4*z**3 + 8*z**2 - 81*z + 149. Calculate x(3).
86
Let w(l) = l**2 + 709*l + 5636. Give w(-8).
28
Let l(y) = -2*y**3 + 436*y**2 + 1380*y + 166. Calculate l(-3).
4
Let s(q) = -99575*q + 2091114. Determine s(21).
39
Let d(r) = 2*r**3 - 104*r**2 - 587*r + 912. Calculate d(57).
-57
Let t(z) = -2127*z + 60279. Calculate t(28).
723
Let c(u) = 6*u**2 - 596*u + 14558. Give c(44).
-50
Let q(j) = 29501*j + 206838. Give q(-7).
331
Let l(i) = 2*i**2 - 75*i - 258899. What is l(379)?
-42
Let t(r) = 28027*r + 2102028. What is t(-75)?
3
Let q(x) = 5*x**2 + 62*x + 256. What is q(-10)?
136
Let t(n) = -1297*n - 359245. What is t(-277)?
24
Let o(l) = -22*l**2 - 7688*l - 18743. Calculate o(-347).
-5
Let u(f) = 3*f**2 - 3169*f + 74507. Give u(24).
179
Let t(r) = -311*r + 16014. Calculate t(51).
153
Let j(y) = -3*y**2 - 869*y - 2596. Give j(-3).
-16
Let f(t) = -44062*t - 352497. Determine f(-8).
-1
Let i(b) = b**2 + 2425*b + 336980. What is i(-148)?
-16
Let w(n) = -4*n**2 - 3491*n - 154449. Calculate w(-826).
13
Let f(v) = 1848*v - 9243. Determine f(5).
-3
Let d(z) = -z**2 - 519*z + 15899. What is d(29)?
7
Let f(m) = -13*m**3 - 323*m**2 + 453*m + 10089. Calculate f(-25).
14
Let p(r) = 18*r**2 + 954*r + 1907. Give p(-2).
71
Let h(z) = z**2 + 19862*z + 79